Let y = 155 + -95. Calculate the greatest common divisor of y and u.
12
Suppose 3*f - 6 = 4*u, 2*f + u = -f - 9. Let l be 3 + -6 - (f + -10). What is the greatest common factor of l and 81?
9
Let u(m) be the first derivative of -m**2/2 + 4*m + 2. Let n be u(-11). Calculate the greatest common factor of n and 30.
15
Let m be (12/7)/(4/168). Let k(f) = 2*f**2 + 7*f + 3. Suppose 0 + 5 = -p. Let t be k(p). Calculate the greatest common divisor of t and m.
18
Let o be (-4)/(-6) - (-2)/6. Let j be 49/14 + (-1)/(-2). Calculate the greatest common factor of o and j.
1
Let s(k) = -6*k - 13. Let d be s(-6). Calculate the highest common divisor of d and 115.
23
Let i = -10 - -18. Let f = 69 + i. Calculate the highest common divisor of f and 11.
11
Suppose 2*z = -3*z + 140. What is the highest common factor of 42 and z?
14
Let g be (1/(-2))/((-2)/16). Suppose -4*w + 6*w + 4 = -4*o, 11 = -w - 5*o. What is the highest common divisor of w and g?
4
Let q(h) = h**2 + h - 3. Let v be q(-6). Let g = 34 - v. What is the highest common factor of 7 and g?
7
Suppose 4 + 24 = 4*c. What is the highest common divisor of 7 and c?
7
Suppose 189 = 9*d - 2*d. Calculate the highest common divisor of d and 189.
27
Let m = 154 + 46. Calculate the greatest common divisor of 20 and m.
20
Suppose 25 = 3*g + 1. Calculate the greatest common factor of g and 80.
8
Suppose 20 = 2*s - 2*w, -4*s + 3*w + 44 = -0*w. Let o(p) = -5*p**3 - 4*p**2 - p + 2. Let d be o(-2). What is the greatest common divisor of s and d?
14
Let n(m) = 5*m**2 - 10*m + 6. Let x(w) = -w**2 + 1. Let g(k) = n(k) + 6*x(k). Let u be g(-11). What is the greatest common divisor of 11 and u?
1
Let k = -5 - -9. Suppose f + f = k. Suppose 2*j = -4*o + 18 + 6, 2*o + 4 = 3*j. What is the highest common factor of j and f?
2
Suppose r = 4*r + 5*d + 44, -r - 22 = -2*d. Let n = -3 - r. Suppose -4*s = -7*s + 9. Calculate the highest common factor of s and n.
3
Let s(w) = 6*w**2 - 4*w + 5. Let u be s(3). Suppose 4*f + 4 + 4 = 0, -4*f = 5*o - u. What is the greatest common divisor of 22 and o?
11
Suppose 0 = 3*x + x - 12, -3*x - 19 = -2*p. What is the highest common factor of 98 and p?
14
Suppose -2*i + z = -20, 5*i - 8*z = -3*z + 45. Let l = 79 + 42. What is the greatest common factor of i and l?
11
Let b be ((-3)/5)/((-2)/10). Let z = -1 + b. Let a be 16/88 + 174/11. Calculate the greatest common factor of a and z.
2
Suppose -20 = -4*k, -33 = i - 2*i - 4*k. Let u = i - -1. What is the highest common factor of u and 35?
7
Suppose 0 = -2*o - 3*u + 19, -5*o - 3*u = -8*u - 60. What is the greatest common divisor of o and 1?
1
Let h(o) = -o**2 + o + 3. Let t be h(0). Suppose y - 52 = 31. Suppose x + 4*p - 52 = -t*x, 4*p + y = 5*x. What is the highest common divisor of x and 45?
15
Let l = 20 + -14. Let v be -1 - -1 - -2 - -28. Calculate the greatest common divisor of l and v.
6
Let m be 3/((-5 - -3)/(-2)). Suppose 47 = -2*h - 4*p + 169, -119 = -2*h - m*p. Calculate the greatest common divisor of 11 and h.
11
Suppose 0 = -5*h, -2*h = 7*r - 2*r - 35. Suppose -7*s + 14 + 21 = 0. Suppose -v - 8 = -5*c + 28, 3*v + 38 = s*c. What is the highest common divisor of c and r?
7
Let i(g) = -g**3 - 5*g**2 + 5*g + 9. Let f be i(-7). Calculate the greatest common factor of f and 108.
36
Let q = 8 - 5. Suppose 0*o = o + v - 74, q*o - v - 214 = 0. What is the greatest common divisor of o and 9?
9
Let b be 132/(-20) - (-6)/(-15). Let h(v) = -v**2 - 8*v - 3. Let f be h(b). What is the greatest common divisor of 36 and f?
4
Let u = -99 - -108. Suppose -q + 5*q - 12 = 0. Calculate the greatest common divisor of q and u.
3
Let c be 18/5 - (-15)/(-25). Let w be (c/6)/((-2)/(-12)). Suppose 2*a - 3*b = 39, -4*a = -0*a + 4*b - 68. Calculate the greatest common divisor of a and w.
3
Let s(p) = -p**3 + 5*p**2 + 2*p + 1. Let a(b) = -b - 2. Let y be a(5). Let t = -2 - y. Let c be s(t). What is the highest common factor of 22 and c?
11
Suppose -4*m + 5*b = -629, 0 = -5*m - 4*b - 0*b + 776. Suppose -u - 2*u + 4*s = -m, u + 5*s = 33. Calculate the greatest common factor of 24 and u.
24
Let g = 48 + -34. What is the greatest common divisor of 7 and g?
7
Suppose 4*g - 208 = -4*z, 3*g - 188 = -4*z + 4*g. Calculate the greatest common factor of 120 and z.
24
Suppose 2*t - 60 = -58. What is the highest common factor of 4 and t?
1
Let j(b) = 2*b**3 + 6*b**2 - 4*b + 1. Let m be j(2). Calculate the greatest common divisor of 3 and m.
3
Suppose p - 60 = -4*q, 2*p - 5*p + 26 = q. Calculate the greatest common factor of q and 35.
7
Suppose 0*n + 40 = 2*n. Suppose 4*x - 5*w - 33 = 0, -4*w = x - 0*w - 24. Let u be (-3)/x - 121/(-4). Calculate the highest common factor of u and n.
10
Suppose 5*q - 4*q - 144 = 0. What is the greatest common factor of q and 16?
16
Let t be 399/27 - 8/(-36). Suppose -h + 37 = -83. What is the highest common factor of h and t?
15
Suppose -2*l - 4 + 12 = -2*c, 4*c - 38 = -5*l. Suppose 4 = -2*q - k + 5*k, -5*q - 3*k + 29 = 0. Calculate the highest common factor of l and q.
2
Suppose -4*a + 3*u = -162, 5*a + 3*u - 90 = 3*a. Let y = 57 + 5. Let q = 90 - y. What is the greatest common divisor of q and a?
14
Suppose -2*a + 8*a = 72. Let j = a + -6. Calculate the greatest common divisor of j and 2.
2
Let p(f) = -10*f. Let g be p(-2). Suppose 115 = -3*u - 167. Let i = -64 - u. What is the highest common factor of i and g?
10
Let a be (-14)/(-4)*(2 - -2). Suppose 4*r = 9 + 3. Suppose 0 = -0*v + r*v - 42. Calculate the greatest common divisor of a and v.
14
Suppose 0 = 5*o - 0*o - 105. Suppose -1 = 5*x - o. Suppose z + x*n = -11 - 2, 0 = -3*n - 12. Calculate the greatest common divisor of 1 and z.
1
Suppose 2*k + 53 = 3*w, 0 = 4*w - k - 23 - 56. Let x = -8 - -11. Suppose 9 = x*s - 12. What is the highest common divisor of w and s?
7
Let t be (18/(-4))/((-60)/160). Let k(l) = -l + 8. Let j be k(0). What is the highest common divisor of t and j?
4
Suppose 81 = 4*o - 3*i, -o - 8 + 24 = -5*i. What is the greatest common factor of o and 21?
21
Let a be 23/(-4) + 2/(-8). Let f = a + 10. Let o be f/(-10) + (-808)/(-20). Calculate the highest common divisor of 16 and o.
8
Let i = 19 + -29. Let v be (-6944)/(-35) - (-4)/i. Calculate the highest common factor of 18 and v.
18
Suppose -n - g + 21 = -2*g, -3*g - 115 = -5*n. What is the highest common factor of 65 and n?
13
Let x(g) = -17*g + 4. Let a be x(-4). Suppose -2*z - 12 = -28. What is the highest common factor of z and a?
8
Let p(n) = n**2 + 5*n + 4. Let t be p(-9). Calculate the highest common divisor of 100 and t.
20
Let a be (-8)/(-60) + 296/30. What is the highest common divisor of a and 15?
5
Let n be (-1)/(-2) + 29/(-2). Let z = 107 - n. Calculate the greatest common divisor of 11 and z.
11
Let g(z) = z**3 - 13*z**2 + 12*z + 1. Let k be g(12). Calculate the highest common divisor of k and 8.
1
Let f be (0 - 4)*(-3)/(-6). Let v = f + 4. Suppose d = v*g + 2*d - 216, d = 5*g - 554. What is the highest common factor of 10 and g?
10
Let u = 1 + -8. Let j(s) = -3*s + 6. Let c be j(u). Let p(y) = -19*y**3 - y**2. Let f be p(-1). What is the greatest common divisor of f and c?
9
Let p = -44 + 56. What is the highest common divisor of 12 and p?
12
Suppose 117 = 4*r + 25. What is the highest common factor of 46 and r?
23
Let m be (-15 - (-2 - -3)) + 1. Let y = m + 35. Calculate the greatest common factor of 40 and y.
20
Suppose -2*i - 4 = -l, -2*l + 12 = l - 4*i. Calculate the greatest common divisor of 10 and l.
2
Let k(w) be the second derivative of w**4/4 - 3*w**3/2 + 5*w**2/2 - 10*w. Let c be k(8). What is the greatest common divisor of 50 and c?
25
Suppose 4*r = -4*r + 648. Calculate the greatest common divisor of r and 9.
9
Let g = -57 + 82. What is the highest common factor of 275 and g?
25
Let f = 47 + 1. Let i(q) = -2*q. Let p be i(-3). What is the highest common factor of f and p?
6
Let y = 2 - -5. Suppose 4 - 10 = -6*u. What is the highest common divisor of y and u?
1
Suppose -2*a = -2*n - 8, -3*a = -4*n - 11 + 3. Let g(z) = 0*z**2 - z**2 + 9*z - 4 - 1 - 2. Let h be g(a). What is the greatest common factor of 4 and h?
1
Let v(k) = -k**2 + 8*k - 8. Let z be v(6). Let a(d) = d**3 - 3*d + 4. Let x be a(z). Calculate the greatest common divisor of x and 7.
7
Let t = -4 + 0. Let o be (1*-13)/(t + 3). Calcul